{"id":1490,"date":"2022-03-04T03:43:38","date_gmt":"2022-03-04T03:43:38","guid":{"rendered":"https:\/\/musicdirectmedia.com\/?page_id=1490"},"modified":"2023-01-22T00:11:31","modified_gmt":"2023-01-21T23:11:31","slug":"about","status":"publish","type":"page","link":"https:\/\/musicdirectmedia.com\/?page_id=1490","title":{"rendered":"Notre Histoire"},"content":{"rendered":"\n<div class=\"wp-block-uagb-container uagb-block-9d73d1d4 alignfull uagb-is-root-container\"><div class=\"uagb-container-inner-blocks-wrap\">\n<div class=\"wp-block-uagb-info-box uagb-block-a7666e72 uagb-infobox__content-wrap  uagb-infobox-icon-above-title uagb-infobox-image-valign-top\"><div class=\"uagb-ifb-content\"><div class=\"uagb-ifb-title-wrap\"><span class=\"uagb-ifb-title-prefix\">Music Direct Media\u200b<\/span><h4 class=\"uagb-ifb-title\">Bienvenue dans votre agence digitale\u200b<\/h4><\/div><p class=\"uagb-ifb-desc\">Nous vous aidons \u00e0 diffuser votre music dans un monde moderne.<\/p><\/div><\/div>\n<\/div><\/div>\n\n\n\n<div class=\"wp-block-uagb-container uagb-block-29405ebb alignfull uagb-is-root-container\"><div class=\"uagb-container-inner-blocks-wrap\">\n<div class=\"wp-block-uagb-container uagb-block-947a3e6e\">\n<div class=\"wp-block-uagb-container uagb-block-b4657812\">\n<div class=\"wp-block-uagb-info-box uagb-block-98005304 uagb-infobox__content-wrap  uagb-infobox-icon-above-title uagb-infobox-image-valign-top\"><div class=\"uagb-ifb-content\"><div class=\"uagb-ifb-title-wrap\"><div class=\"uagb-ifb-separator\"><\/div><h3 class=\"uagb-ifb-title\">Qui sommes -nous ?<\/h3><\/div><p class=\"uagb-ifb-desc\">Nous sommes une \u00e9quipe exp\u00e9riment\u00e9e de professionnels de l&rsquo;industrie musicale, rassembl\u00e9e pour offrir tous les outils n\u00e9cessaires \u00e0 un artiste pour d\u00e9marrer sa carri\u00e8re et vivre de sa passion. Rejoignez nous pour un accompagnement sur mesure et des services de qualit\u00e9 sup\u00e9rieure.<\/p><\/div><\/div>\n<\/div>\n\n\n\n<div class=\"wp-block-uagb-container uagb-block-a2d5aa5b\">\n<div class=\"wp-block-uagb-info-box uagb-block-8f1e296c uagb-infobox__content-wrap  uagb-infobox-icon-above-title uagb-infobox-image-valign-top\"><div class=\"uagb-ifb-content\"><div class=\"uagb-ifb-title-wrap\"><div class=\"uagb-ifb-separator\"><\/div><h3 class=\"uagb-ifb-title\">Notre Mission\u200b<\/h3><\/div><p class=\"uagb-ifb-desc\">Nous aidons les artistes \u00e0 partager leur musique sur toutes les plateformes pour atteindre tous leurs fans. Nous fournissons les outils et les ressources n\u00e9cessaires pour que votre musique soit diffus\u00e9e et se retrouve entre les mains de vos auditeurs. Avec nous,  vous pouvez vous concentrer sur la cr\u00e9ation de votre musique et nous nous occupons du reste.<\/p><\/div><\/div>\n<\/div>\n\n\n\n<div class=\"wp-block-uagb-container uagb-block-de9d6a95\">\n<div class=\"wp-block-uagb-info-box uagb-block-a9c33d77 uagb-infobox__content-wrap  uagb-infobox-icon-above-title uagb-infobox-image-valign-top\"><div class=\"uagb-ifb-content\"><div class=\"uagb-ifb-title-wrap\"><div class=\"uagb-ifb-separator\"><\/div><h3 class=\"uagb-ifb-title\">Notre force<\/h3><\/div><p class=\"uagb-ifb-desc\">Notre \u00e9quipe offre aux artistes ind\u00e9pendants des services de distribution, de promotion et de marketing pour leur musique.  Nous pouvons \u00e9galement aider les artistes \u00e0 n\u00e9gocier des contrats de licence et \u00e0 prot\u00e9ger leurs droits d&rsquo;auteur. Nous leur fournissons des outils et des connaissances pour vous aider \u00e0 promouvoir et \u00e0 mon\u00e9tiser leur musique.<\/p><\/div><\/div>\n<\/div>\n<\/div>\n<\/div><\/div>\n\n\n\n<div class=\"wp-block-uagb-container uagb-block-afbae0fb alignfull uagb-is-root-container\">\n<div class=\"wp-block-uagb-container uagb-block-3ef54267\"><\/div>\n<\/div>\n\n\n\n<div class=\"wp-block-uagb-container uagb-block-75246237 alignfull uagb-is-root-container\"><div class=\"uagb-container-inner-blocks-wrap\">\n<div class=\"wp-block-uagb-container uagb-block-21f5afea\">\n<div class=\"wp-block-uagb-container uagb-block-b8e257a4\">\n<div class=\"wp-block-uagb-advanced-heading uagb-block-2c22da14\"><h3 class=\"uagb-heading-text\">Vous souhaitez d\u00e9marrer un projet avec nous ?<\/h3><p class=\"uagb-desc-text\">Venez discuter avec nous pour avancer plus vite.<\/p><\/div>\n<\/div>\n\n\n\n<div class=\"wp-block-uagb-container uagb-block-02839949\">\n<div class=\"wp-block-uagb-buttons uagb-buttons__outer-wrap uagb-btn__default-btn uagb-btn-tablet__default-btn uagb-btn-mobile__default-btn uagb-block-674f145f\"><div class=\"uagb-buttons__wrap uagb-buttons-layout-wrap\">\n<div class=\"wp-block-uagb-buttons-child uagb-buttons__outer-wrap uagb-block-13d687d4 wp-block-button is-style-outline\"><div class=\"uagb-button__wrapper\"><a class=\"uagb-buttons-repeater wp-block-button__link\" href=\"#\" onclick=\"return false;\" rel=\"follow noopener\" target=\"_self\"><div class=\"uagb-button__link\">09 77 19 68 67<\/div><\/a><\/div><\/div>\n<\/div><\/div>\n<\/div>\n<\/div>\n<\/div><\/div>\n","protected":false},"excerpt":{"rendered":"","protected":false},"author":1,"featured_media":0,"parent":0,"menu_order":0,"comment_status":"closed","ping_status":"closed","template":"","meta":{"_uag_custom_page_level_css":"","site-sidebar-layout":"no-sidebar","site-content-layout":"page-builder","ast-global-header-display":"","ast-main-header-display":"","ast-hfb-above-header-display":"","ast-hfb-below-header-display":"","ast-hfb-mobile-header-display":"","site-post-title":"disabled","ast-breadcrumbs-content":"","ast-featured-img":"disabled","footer-sml-layout":"","theme-transparent-header-meta":"enabled","adv-header-id-meta":"","stick-header-meta":"","header-above-stick-meta":"","header-main-stick-meta":"","header-below-stick-meta":"","footnotes":""},"class_list":["post-1490","page","type-page","status-publish","hentry"],"uagb_featured_image_src":{"full":false,"thumbnail":false,"medium":false,"medium_large":false,"large":false,"1536x1536":false,"2048x2048":false},"uagb_author_info":{"display_name":"musicdirectmedia","author_link":"https:\/\/musicdirectmedia.com\/?author=1"},"uagb_comment_info":0,"uagb_excerpt":null,"_links":{"self":[{"href":"https:\/\/musicdirectmedia.com\/index.php?rest_route=\/wp\/v2\/pages\/1490","targetHints":{"allow":["GET"]}}],"collection":[{"href":"https:\/\/musicdirectmedia.com\/index.php?rest_route=\/wp\/v2\/pages"}],"about":[{"href":"https:\/\/musicdirectmedia.com\/index.php?rest_route=\/wp\/v2\/types\/page"}],"author":[{"embeddable":true,"href":"https:\/\/musicdirectmedia.com\/index.php?rest_route=\/wp\/v2\/users\/1"}],"replies":[{"embeddable":true,"href":"https:\/\/musicdirectmedia.com\/index.php?rest_route=%2Fwp%2Fv2%2Fcomments&post=1490"}],"version-history":[{"count":15,"href":"https:\/\/musicdirectmedia.com\/index.php?rest_route=\/wp\/v2\/pages\/1490\/revisions"}],"predecessor-version":[{"id":2732,"href":"https:\/\/musicdirectmedia.com\/index.php?rest_route=\/wp\/v2\/pages\/1490\/revisions\/2732"}],"wp:attachment":[{"href":"https:\/\/musicdirectmedia.com\/index.php?rest_route=%2Fwp%2Fv2%2Fmedia&parent=1490"}],"curies":[{"name":"wp","href":"https:\/\/api.w.org\/{rel}","templated":true}]}}